ided by 1615.
1490
What is the remainder when 1313523 is divided by 29184?
243
Calculate the remainder when 852528 is divided by 170397.
543
What is the remainder when 26081394 is divided by 30?
24
Calculate the remainder when 19102816 is divided by 157.
155
Calculate the remainder when 372895249 is divided by 4810.
4809
Calculate the remainder when 9616 is divided by 4702.
212
What is the remainder when 162069 is divided by 146?
9
What is the remainder when 3179485 is divided by 2396?
2389
What is the remainder when 232876 is divided by 46574?
6
What is the remainder when 25312 is divided by 43?
28
Calculate the remainder when 24111243 is divided by 438386.
13
Calculate the remainder when 129084 is divided by 16135.
4
What is the remainder when 897434 is divided by 103?
98
What is the remainder when 1836507 is divided by 329?
29
What is the remainder when 101560 is divided by 1059?
955
What is the remainder when 10989596 is divided by 800?
796
What is the remainder when 152320175 is divided by 145?
140
What is the remainder when 578021 is divided by 1467?
23
What is the remainder when 798931 is divided by 266304?
19
What is the remainder when 287995 is divided by 95871?
382
What is the remainder when 31388173 is divided by 674?
667
Calculate the remainder when 4045316 is divided by 510.
506
What is the remainder when 28143643 is divided by 740622?
7
What is the remainder when 1503526 is divided by 195?
76
Calculate the remainder when 64176 is divided by 30782.
2612
Calculate the remainder when 1478683 is divided by 30805.
43
Calculate the remainder when 1848738 is divided by 322.
136
What is the remainder when 74620107 is divided by 7?
2
What is the remainder when 275328262 is divided by 45888042?
10
What is the remainder when 4734534 is divided by 293?
240
What is the remainder when 18534360 is divided by 18534285?
75
What is the remainder when 358509 is divided by 4?
1
Calculate the remainder when 313077 is divided by 312999.
78
Calculate the remainder when 130047267 is divided by 4530.
27
What is the remainder when 150211 is divided by 173?
47
What is the remainder when 773728 is divided by 72?
16
What is the remainder when 63574761 is divided by 3531931?
3
What is the remainder when 369942 is divided by 123052?
786
What is the remainder when 21486838 is divided by 447?
442
Calculate the remainder when 415081 is divided by 1200.
1081
Calculate the remainder when 10159767 is divided by 36.
27
What is the remainder when 257419 is divided by 32175?
19
Calculate the remainder when 1758793 is divided by 11347.
8
What is the remainder when 10923060 is divided by 54?
48
Calculate the remainder when 59666 is divided by 58776.
890
Calculate the remainder when 20819773 is divided by 693992.
13
Calculate the remainder when 1563911 is divided by 223411.
34
Calculate the remainder when 50292444 is divided by 207820.
4
Calculate the remainder when 1129301 is divided by 2129.
931
What is the remainder when 213411 is divided by 34909?
3957
What is the remainder when 6207387 is divided by 21?
18
What is the remainder when 90132506 is divided by 9?
8
What is the remainder when 112989017 is divided by 69?
68
Calculate the remainder when 1364459 is divided by 4459.
5
What is the remainder when 236367 is divided by 33757?
68
What is the remainder when 116730854 is divided by 5558612?
2
What is the remainder when 1098370 is divided by 1819?
1513
Calculate the remainder when 861332 is divided by 430659.
14
What is the remainder when 1722461 is divided by 333?
185
What is the remainder when 99328 is divided by 2618?
2462
What is the remainder when 1336293 is divided by 333998?
301
Calculate the remainder when 18458166 is divided by 91.
90
Calculate the remainder when 9430147 is divided by 51.
43
What is the remainder when 45836618 is divided by 272?
266
Calculate the remainder when 3888609 is divided by 106.
105
What is the remainder when 236973 is divided by 265?
63
What is the remainder when 2345334 is divided by 46?
24
Calculate the remainder when 123063 is divided by 1217.
146
Calculate the remainder when 3321810 is divided by 9518.
28
What is the remainder when 9546069 is divided by 1363721?
22
Calculate the remainder when 309248 is divided by 25768.
32
What is the remainder when 17067 is divided by 15671?
1396
Calculate the remainder when 36814 is divided by 36728.
86
Calculate the remainder when 2043738 is divided by 2928.
2922
What is the remainder when 108223 is divided by 16?
15
Calculate the remainder when 1530173 is divided by 280.
253
What is the remainder when 653520 is divided by 17601?
2283
What is the remainder when 188350 is divided by 10361?
1852
What is the remainder when 35258 is divided by 648?
266
Calculate the remainder when 890069951 is divided by 68.
67
Calculate the remainder when 168406 is divided by 437.
161
Calculate the remainder when 7398 is divided by 6371.
1027
Calculate the remainder when 1380481 is divided by 1107.
52
Calculate the remainder when 38170755 is divided by 9569.
14
Calculate the remainder when 9846497 is divided by 9846472.
25
Calculate the remainder when 10655147 is divided by 2663749.
151
Calculate the remainder when 166166272 is divided by 1698.
1690
Calculate the remainder when 472804371 is divided by 217.
214
Calculate the remainder when 593227 is divided by 94.
87
Calculate the remainder when 1135859 is divided by 26415.
14
Calculate the remainder when 111966 is divided by 27876.
462
What is the remainder when 320774 is divided by 159946?
882
What is the remainder when 10212640 is divided by 261861?
61
What is the remainder when 57376 is divided by 56896?
480
What is the remainder when 105382 is divided by 2257?
1560
Calculate the remainder when 579973 is divided by 11824.
597
What is the remainder when 12708509 is divided by 32337?
68
What is the remainder when 1541332 is divided by 591?
4
What is the remainder when 385470798 is divided by 110?
108
Calculate the remainder when 2578906877 is divided by 352.
349
What is the remainder when 838261 is divided by 1150?
1061
Calculate the remainder when 98033 is divided by 1045.
848
What is the remainder when 26633379 is divided by 13316688?
3
What is the remainder when 23927956 is divided by 5?
1
Calculate the remainder when 4754654 is divided by 1188585.
314
What is the remainder when 115792 is divided by 115440?
352
What is the remainder when 3121132 is divided by 1251?
1138
Calculate the remainder when 596342 is divided by 198734.
140
What is the remainder when 197131071 is divided by 21?
18
Calculate the remainder when 74431 is divided by 23900.
2731
What is the remainder when 20407374 is divided by 484?
482
What is the remainder when 7609898 is divided by 602?
16
Calculate the remainder when 1461463 is divided by 3299.
6
What is the remainder when 65959917 is divided by 580?
577
What is the remainder when 3382278 is divided by 44?
42
What is the remainder when 734494 is divided by 20981?
159
Calculate the remainder when 155789 is divided by 37282.
6661
What is the remainder when 22103 is divided by 1976?
367
What is the remainder when 9510605 is divided by 12178?
11765
What is the remainder when 210753 is divided by 70124?
381
Calculate the remainder when 147752 is divided by 24611.
86
Calculate the remainder when 11068 is divided by 619.
545
Calculate the remainder when 12058 is divided by 2253.
793
Calculate the remainder when 1282388 is divided by 3750.
3638
What is the remainder when 1197691 is divided by 171080?
131
Calculate the remainder when 3369285 is divided by 160438.
87
What is the remainder when 965446 is divided by 773?
742
Calculate the remainder when 793560 is divided by 204.
0
What is the remainder when 434385476 is divided by 332?
328
Calculate the remainder when 2603750 is divided by 371963.
9
What is the remainder when 47144176 is divided by 2670?
2656
Calculate the remainder when 6088936 is divided by 134.
110
What is the remainder when 6610513 is divided by 11457?
11281
Calculate the remainder when 86437 is divided by 40653.
5131
What is the remainder when 1001104 is divided by 1001097?
7
What is the remainder when 6084919 is divided by 62?
53
Calculate the remainder when 1732967 is divided by 9.
8
Calculate the remainder when 50773